{"id":1417,"date":"2014-05-05T06:53:58","date_gmt":"2014-05-05T03:53:58","guid":{"rendered":"https:\/\/www.amper.org.ro\/kapcsolat\/"},"modified":"2026-01-31T08:05:07","modified_gmt":"2026-01-31T05:05:07","slug":"kapcsolat","status":"publish","type":"page","link":"https:\/\/www.amper.org.ro\/hu\/kapcsolat\/","title":{"rendered":"Kapcsolat"},"content":{"rendered":"<p>Asocia\u021bia Pentru Min\u021bi Pertinente AMPER<br \/>\nKapcsolattart\u00f3 szem\u00e9ly: Adrian-Sorin Mure\u0219an, \u00fcgyvezet\u0151 igazgat\u00f3<br \/>\nEmail: <a href=\"mailto:contact@amper.org.ro\">contact@amper.org.ro<\/a><br \/>\nTelefon: 0773.924.170<br \/>\nLevelez\u00e9si c\u00edm: T\u00eergu-Mure\u0219, Pia\u021ba Republicii, nr. 47<br \/>\nCIF 28219427 28219427<br \/>\nBanksz\u00e1mla: RO89BACX0000000000242494296000 az Unicredit Bankn\u00e1l nyitva<br \/>\nA marosv\u00e1s\u00e1rhelyi b\u00edr\u00f3s\u00e1gon az egyes\u00fcletek \u00e9s alap\u00edtv\u00e1nyok nyilv\u00e1ntart\u00e1s\u00e1ban a 25\/17.03.2011. sz\u00e1m alatt szerepel.<\/p>\n","protected":false},"excerpt":{"rendered":"<p>Asocia\u021bia Pentru Min\u021bi Pertinente AMPER Kapcsolattart\u00f3 szem\u00e9ly: Adrian-Sorin Mure\u0219an, \u00fcgyvezet\u0151 igazgat\u00f3 Email: contact@amper.org.ro Telefon: 0773.924.170 Levelez\u00e9si c\u00edm: T\u00eergu-Mure\u0219, Pia\u021ba Republicii, nr. 47 CIF 28219427 28219427 Banksz\u00e1mla: RO89BACX0000000000242494296000 az Unicredit Bankn\u00e1l nyitva A marosv\u00e1s\u00e1rhelyi b\u00edr\u00f3s\u00e1gon az egyes\u00fcletek \u00e9s alap\u00edtv\u00e1nyok nyilv\u00e1ntart\u00e1s\u00e1ban a 25\/17.03.2011. sz\u00e1m alatt szerepel.<\/p>\n","protected":false},"author":2,"featured_media":0,"parent":0,"menu_order":5,"comment_status":"open","ping_status":"open","template":"","meta":{"_acf_changed":false,"footnotes":""},"class_list":["post-1417","page","type-page","status-publish","hentry"],"acf":[],"aioseo_notices":[],"_links":{"self":[{"href":"https:\/\/www.amper.org.ro\/hu\/wp-json\/wp\/v2\/pages\/1417","targetHints":{"allow":["GET"]}}],"collection":[{"href":"https:\/\/www.amper.org.ro\/hu\/wp-json\/wp\/v2\/pages"}],"about":[{"href":"https:\/\/www.amper.org.ro\/hu\/wp-json\/wp\/v2\/types\/page"}],"author":[{"embeddable":true,"href":"https:\/\/www.amper.org.ro\/hu\/wp-json\/wp\/v2\/users\/2"}],"replies":[{"embeddable":true,"href":"https:\/\/www.amper.org.ro\/hu\/wp-json\/wp\/v2\/comments?post=1417"}],"version-history":[{"count":3,"href":"https:\/\/www.amper.org.ro\/hu\/wp-json\/wp\/v2\/pages\/1417\/revisions"}],"predecessor-version":[{"id":1428,"href":"https:\/\/www.amper.org.ro\/hu\/wp-json\/wp\/v2\/pages\/1417\/revisions\/1428"}],"wp:attachment":[{"href":"https:\/\/www.amper.org.ro\/hu\/wp-json\/wp\/v2\/media?parent=1417"}],"curies":[{"name":"wp","href":"https:\/\/api.w.org\/{rel}","templated":true}]}}

<p>Asociația Pentru Minți Pertinente AMPER<br />
Kapcsolattartó személy: Adrian-Sorin Mureșan, ügyvezető igazgató<br />
Email: <a href="mailto:contact@amper.org.ro">contact@amper.org.ro</a><br />
Telefon: 0773.924.170<br />
Levelezési cím: Tîrgu-Mureș, Piața Republicii, nr. 47<br />
CIF 28219427 28219427<br />
Bankszámla: RO89BACX0000000000242494296000 az Unicredit Banknál nyitva<br />
A marosvásárhelyi bíróságon az egyesületek és alapítványok nyilvántartásában a 25/17.03.2011. szám alatt szerepel.</p>

<p>Asociația Pentru Minți Pertinente AMPER Kapcsolattartó személy: Adrian-Sorin Mureșan, ügyvezető igazgató Email: contact@amper.org.ro Telefon: 0773.924.170 Levelezési cím: Tîrgu-Mureș, Piața Republicii, nr. 47 CIF 28219427 28219427 Bankszámla: RO89BACX0000000000242494296000 az Unicredit Banknál nyitva A marosvásárhelyi bíróságon az egyesületek és alapítványok nyilvántartásában a 25/17.03.2011. szám alatt szerepel.</p>
